{"id":956,"date":"2023-09-09T15:10:21","date_gmt":"2023-09-09T13:10:21","guid":{"rendered":"https:\/\/anarchismusforschung.org\/?page_id=956"},"modified":"2023-09-09T15:34:07","modified_gmt":"2023-09-09T13:34:07","slug":"unser-nettlau","status":"publish","type":"page","link":"https:\/\/anarchismusforschung.org\/?page_id=956","title":{"rendered":"Unser Nettlau"},"content":{"rendered":"<div><span class=\"ace-all-bold-hthree\"><span class=\" author-d-1gg9uz65z1iz85zgdz68zmqkz84zo2qowz80ziz75zz89zz89zz65zvwqbz82zdz84zz72zn7dz81z46jz90z8cz82zz78zv5rdl\"><b>Projekt Vorhaben: Das Herausgeben von Max Nettlaus<\/b><\/span><b> <\/b><span class=\" author-d-1gg9uz65z1iz85zgdz68zmqkz84zo2qowz80ziz75zz89zz89zz65zvwqbz82zdz84zz72zn7dz81z46jz90z8cz82zz78zv5rdl h-ldquo\"><b>\u201cMichael<\/b><\/span><span class=\" author-d-1gg9uz65z1iz85zgdz68zmqkz84zo2qowz80ziz75zz89zz89zz65zvwqbz82zdz84zz72zn7dz81z46jz90z8cz82zz78zv5rdl\"><b> Bakunin: Eine Biografie\u201d<\/b><\/span><\/span><\/div>\n<div><\/div>\n<div><span class=\" author-d-1gg9uz65z1iz85zgdz68zmqkz84zo2qoxuz87z1z77zz89zictz76zgt3z81zfwz77zrz78zlljfmz68zz68z7obwz68zz84z\">Max Nettlau war ein bedeutender Historiker, Chronist und Archivar der anarchistischen Bewegung. 1865 in Neuwaldegg<\/span> <span class=\" author-d-1gg9uz65z1iz85zgdz68zmqkz84zo2qoxuz87z1z77zz89zictz76zgt3z81zfwz77zrz78zlljfmz68zz68z7obwz68zz84z h-lparen\">(Wien)<\/span><span class=\" author-d-1gg9uz65z1iz85zgdz68zmqkz84zo2qoxuz87z1z77zz89zictz76zgt3z81zfwz77zrz78zlljfmz68zz68z7obwz68zz84z\"> geboren und aufgewachsen, sammelte Nettlau Zeugnisse der Bewegung, interviewte seine Akteur:innen, und verfassten mehrere Werke zur anarchistischen Geschichte, u.a. eine siebenb\u00e4ndige Geschichte der Anarchie.<\/span><\/div>\n<div><span class=\" author-d-1gg9uz65z1iz85zgdz68zmqkz84zo2qoxuz87z1z77zz89zictz76zgt3z81zfwz77zrz78zlljfmz68zz68z7obwz68zz84z\">Nettlau verfasste mehrere Biografien \u00fcber Michael Bakunin, einen bedeutenden Protagonisten der anarchistischen Bewegung und einen wichtigen Kritiker von und Gegenpol zu Karl Marx. Nettlaus dreib\u00e4ndige Biografie von Bakunin gilt als die kompletteste unter Bakuninforscher:innen, aber sie wurde nie formal gedruckt. Der Autor selbst lie\u00df 50 Kopien durch den Autokopist vervielf\u00e4ltigen \u2013 38 wurden verteilt, wovon heute noch 19 erhalten sind, eine davon an der Universit\u00e4tsbibliothek der Universit\u00e4t Wien.\u00a0<\/span><\/div>\n<div><span class=\" author-d-1gg9uz65z1iz85zgdz68zmqkz84zo2qoxuz87z1z77zz89zictz76zgt3z81zfwz77zrz78zlljfmz68zz68z7obwz68zz84z\">Das \u00fcber das \u00a0Internationaal Instituut voor Sociale Geschiedenis in Amsterdam zug\u00e4ngliche Digitalisat des Arbeitsexemplars wollen wir zuerst KI-gest\u00fctzt transkribieren lassen und sp\u00e4ter als Personenkollektiv gegenlesen.Die Herausgabe erfolgt sowohl analog in Buchform als auch als frei zug\u00e4nglicher Onlinetext, damit die Biographie \u00a0endlich einer breiteren \u00d6ffentlichkeit zug\u00e4nglich und eine weitere Bearbeitung m\u00f6glich wird.<\/span><\/div>\n<div><span class=\" author-d-1gg9uz65z1iz85zgdz68zmqkz84zo2qoxuz87z1z77zz89zictz76zgt3z81zfwz77zrz78zlljfmz68zz68z7obwz68zz84z\">Wir, ein loses Kollektiv aus Wien, wollen diese Monumentalbiographie bis zum Jahr 2026 mit seinen runden Jubil\u00e4en ( 150 Todestag von Bakunin \u2013 100 Jahre seit dem Erscheinen von Nettlaus<\/span> <span class=\" author-d-1gg9uz65z1iz85zgdz68zmqkz84zo2qoxuz87z1z77zz89zictz76zgt3z81zfwz77zrz78zlljfmz68zz68z7obwz68zz84z h-bdquo\">\u201eUnser<\/span><span class=\" author-d-1gg9uz65z1iz85zgdz68zmqkz84zo2qoxuz87z1z77zz89zictz76zgt3z81zfwz77zrz78zlljfmz68zz68z7obwz68zz84z\"> Bakunin\u201c) \u00a0herausgeben und suchen Menschen, die uns hierbei unters\u00fctzen! Du kannst dich bei der analogen Edition beteiligen, aber auch 5-10 Seiten im Monat gegenlesen, sobald die Erstfassung der Transkription bereit ist.<\/span><\/div>\n","protected":false},"excerpt":{"rendered":"<p>Projekt Vorhaben: Das Herausgeben von Max Nettlaus \u201cMichael Bakunin: Eine Biografie\u201d Max Nettlau war ein bedeutender Historiker, Chronist und Archivar der anarchistischen Bewegung. 1865 in Neuwaldegg (Wien) geboren und aufgewachsen, sammelte Nettlau Zeugnisse der Bewegung, interviewte seine Akteur:innen, und verfassten &hellip; <a href=\"https:\/\/anarchismusforschung.org\/?page_id=956\">Weiterlesen <span class=\"meta-nav\">&rarr;<\/span><\/a><\/p>\n","protected":false},"author":2,"featured_media":0,"parent":0,"menu_order":0,"comment_status":"closed","ping_status":"closed","template":"","meta":{"footnotes":""},"class_list":["post-956","page","type-page","status-publish","hentry"],"_links":{"self":[{"href":"https:\/\/anarchismusforschung.org\/index.php?rest_route=\/wp\/v2\/pages\/956","targetHints":{"allow":["GET"]}}],"collection":[{"href":"https:\/\/anarchismusforschung.org\/index.php?rest_route=\/wp\/v2\/pages"}],"about":[{"href":"https:\/\/anarchismusforschung.org\/index.php?rest_route=\/wp\/v2\/types\/page"}],"author":[{"embeddable":true,"href":"https:\/\/anarchismusforschung.org\/index.php?rest_route=\/wp\/v2\/users\/2"}],"replies":[{"embeddable":true,"href":"https:\/\/anarchismusforschung.org\/index.php?rest_route=%2Fwp%2Fv2%2Fcomments&post=956"}],"version-history":[{"count":6,"href":"https:\/\/anarchismusforschung.org\/index.php?rest_route=\/wp\/v2\/pages\/956\/revisions"}],"predecessor-version":[{"id":965,"href":"https:\/\/anarchismusforschung.org\/index.php?rest_route=\/wp\/v2\/pages\/956\/revisions\/965"}],"wp:attachment":[{"href":"https:\/\/anarchismusforschung.org\/index.php?rest_route=%2Fwp%2Fv2%2Fmedia&parent=956"}],"curies":[{"name":"wp","href":"https:\/\/api.w.org\/{rel}","templated":true}]}}