{"id":808,"date":"2022-04-12T22:21:50","date_gmt":"2022-04-12T20:21:50","guid":{"rendered":"https:\/\/anarchismusforschung.org\/?page_id=808"},"modified":"2022-04-13T09:06:24","modified_gmt":"2022-04-13T07:06:24","slug":"a-links","status":"publish","type":"page","link":"https:\/\/anarchismusforschung.org\/?page_id=808","title":{"rendered":"A-Links"},"content":{"rendered":"<p>&#8230; is just a work in progress<\/p>\n<p><strong>Forschung:<\/strong><\/p>\n<p>Ne znam &#8211; Zeitschrift f\u00fcr Anarchismusforschung<br \/>\n<a href=\"http:\/\/www.edition-av.de\/ne_znam.html\" target=\"_blank\" rel=\"noopener\">http:\/\/www.edition-av.de\/ne_znam.html<\/a><\/p>\n<p>Institut f\u00fcr Syndikalismusforschung<br \/>\n<a href=\"http:\/\/www.syndikalismusforschung.info\/\" target=\"_blank\" rel=\"noopener\">http:\/\/www.syndikalismusforschung.info\/<\/a><\/p>\n<p><strong>Nachl\u00e4sse:<\/strong><\/p>\n<p>Pierre Ramus Papers (digitalisierte Nachlass vom IISG in Amsterdam)<br \/>\n<a href=\"https:\/\/search.iisg.amsterdam\/Record\/ARCH01162\/ArchiveSubjects\" target=\"_blank\" rel=\"noopener\">https:\/\/search.iisg.amsterdam\/Record\/ARCH0116s2\/ArchiveSubjects<\/a><\/p>\n<p>Max Nettlau Papers (digitalisierte Nachlass vom IISG in Amsterdam)<br \/>\n<a href=\"https:\/\/search.iisg.amsterdam\/Record\/ARCH01001\" target=\"_blank\" rel=\"noopener\">https:\/\/search.iisg.amsterdam\/Record\/ARCH01001<\/a><\/p>\n<p><strong>Verlage und Presse:<\/strong><\/p>\n<p>Edition AV<br \/>\n<strong><a href=\"http:\/\/www.edition-av.de\/\">http:\/\/www.edition-av.de\/<\/a><\/strong><\/p>\n<p>Graswurzelrevolution (Zeitschrift und Verlag)<br \/>\n<strong><a href=\"http:\/\/www.graswurzel.net\/\">http:\/\/www.graswurzel.net\/<\/a><\/strong><\/p>\n<p>Verlag Barrikade<br \/>\n<a href=\"https:\/\/verlagbarrikade.wordpress.com\/\" target=\"_blank\" rel=\"noopener\">https:\/\/verlagbarrikade.wordpress.com\/<\/a><\/p>\n<p>Syndikat A (anarcho-syndikalistischer Vertrieb)<br \/>\n<a href=\"https:\/\/www.syndikat-a.de\/\" target=\"_blank\" rel=\"noopener\">https:\/\/www.syndikat-a.de\/<\/a><\/p>\n<p>Tsveyfl &#8211; Dissensorientierte Zeitschrift<br \/>\n<a href=\"https:\/\/tsveyfl.blogspot.com\" target=\"_blank\" rel=\"noopener\">https:\/\/tsveyfl.blogspot.com<\/a><\/p>\n<p>Contraste (Zeitschrift f\u00fcr Selbstorganisation)<br \/>\n<a href=\"https:\/\/www.contraste.org\/\" target=\"_blank\" rel=\"noopener\">https:\/\/www.contraste.org\/<\/a><\/p>\n<p>the lower class magazine &#8211;<br \/>\nUnabh\u00e4ngiger Journalismus von der Stra\u00dfe f\u00fcr die Stra\u00dfe<br \/>\n<a href=\"https:\/\/lowerclassmag.com\/about\/\" target=\"_blank\" rel=\"noopener\">https:\/\/lowerclassmag.com\/about\/<\/a><\/p>\n<p><strong>Archiv und Bibliotheken:<\/strong><\/p>\n<p>Bibliothek der Freien (Berlin)<br \/>\n<a href=\"https:\/\/bibliothekderfreien.de\/\" target=\"_blank\" rel=\"noopener\">https:\/\/bibliothekderfreien.de\/<\/a><\/p>\n<p><strong>online-Projekte:<\/strong><\/p>\n<p>dada-web (Datenbank des deutschsprachigen Anarchismus, Archiv-Version)<br \/>\n<a href=\"http:\/\/www.ur.dadaweb.de\/\" target=\"_blank\" rel=\"noopener\">http:\/\/www.ur.dadaweb.de\/<\/a><br \/>\nund hier die umfangreiche Literaturdokumentation deutschsprachiger anarchistischer Zeitschriften <a href=\"http:\/\/www.ur.dadaweb.de\/l-start.htm\" target=\"_blank\" rel=\"noopener\">http:\/\/www.ur.dadaweb.de\/l-start.htm<\/a><br \/>\nDadAWeb (Online-Projekt der deutschsprachigen Anarchismusforschung, Archiv-Version)<br \/>\n<a href=\"http:\/\/dadaweb.de\/wiki\/Willkommen_im_neuen_DadAWeb_!\" target=\"_blank\" rel=\"noopener\">http:\/\/dadaweb.de\/wiki\/Willkommen_im_neuen_DadAWeb_!<\/a><\/p>\n<p>anarchismus.de (aktueller Blog und Infos \u00fcber Anarchismus)<br \/>\n<a href=\"https:\/\/anarchismus.de\/\" target=\"_blank\" rel=\"noopener\">https:\/\/anarchismus.de\/<\/a><\/p>\n<p>anarchismus.at (umfangreiche Text, Bild u. Tonsammlung)<br \/>\n<a href=\"https:\/\/www.anarchismus.at\/\" target=\"_blank\" rel=\"noopener\">https:\/\/www.anarchismus.at\/<\/a><\/p>\n<p class=\"western\"><strong>Gruppen und Projekte:<\/strong><\/p>\n<p>F\u00f6deration deutschsprachiger Anarchist*innen<br \/>\n<a href=\"https:\/\/fda-ifa.org\/\" target=\"_blank\" rel=\"noopener\">https:\/\/fda-ifa.org\/<\/a><\/p>\n<p>FAU (Frei Arbeiter:innen Union &#8211; Anarchosyndikalistische Gewerkschaftsf\u00f6deration)<br \/>\n<a href=\"https:\/\/fau.org\/\" target=\"_blank\" rel=\"noopener\">https:\/\/fau.org\/<\/a><br \/>\ndie verschiedenen Ortsgruppen haben meist einen eigenen Webauftritt<\/p>\n<p><strong>Wien:<\/strong><\/p>\n<p>Wiener ArbeiterInnen-Syndikat<br \/>\n(Herrschaftsfreie Basisgewerkschaft &#8211; \u00d6sterreichische Sektion der IAA)<br \/>\n<a href=\"https:\/\/wiensyndikat.wordpress.com\/\" target=\"_blank\" rel=\"noopener\">https:\/\/wiensyndikat.wordpress.com\/<\/a><\/p>\n<p>Die Anarchosyndikalistische Jugend (ASJ)<br \/>\n<a href=\"https:\/\/asj-info.org\/\" target=\"_blank\" rel=\"noopener\">https:\/\/asj-info.org\/<\/a><\/p>\n<p>anarchist black cross wien<br \/>\n<a href=\"http:\/\/www.abc-wien.net\/\" target=\"_blank\" rel=\"noopener\">http:\/\/www.abc-wien.net\/<\/a><\/p>\n<p>Pierre Ramus Gesellschaft<br \/>\n<a href=\"http:\/\/www.ramus.at\/\" target=\"_blank\" rel=\"noopener\">http:\/\/www.ramus.at\/<\/a><\/p>\n<p>Ernst Krichweger Haus (autonomes Zentrum)<br \/>\n<a href=\"https:\/\/med-user.net\/~ekh\/\" target=\"_blank\" rel=\"noopener\">https:\/\/med-user.net\/~ekh\/<\/a><\/p>\n<p>Anarchistische Buchhandlung<br \/>\n<a href=\"https:\/\/www.anarchismus.at\/buchhandlung\" target=\"_blank\" rel=\"noopener\">https:\/\/www.anarchismus.at\/buchhandlung<\/a><\/p>\n<p>libreria utopia<br \/>\n<a href=\"http:\/\/radicalbookstore.com\" target=\"_blank\" rel=\"noopener\">http:\/\/radicalbookstore.com<\/a><\/p>\n","protected":false},"excerpt":{"rendered":"<p>&#8230; is just a work in progress Forschung: Ne znam &#8211; Zeitschrift f\u00fcr Anarchismusforschung http:\/\/www.edition-av.de\/ne_znam.html Institut f\u00fcr Syndikalismusforschung http:\/\/www.syndikalismusforschung.info\/ Nachl\u00e4sse: Pierre Ramus Papers (digitalisierte Nachlass vom IISG in Amsterdam) https:\/\/search.iisg.amsterdam\/Record\/ARCH0116s2\/ArchiveSubjects Max Nettlau Papers (digitalisierte Nachlass vom IISG in Amsterdam) https:\/\/search.iisg.amsterdam\/Record\/ARCH01001 &hellip; <a href=\"https:\/\/anarchismusforschung.org\/?page_id=808\">Weiterlesen <span class=\"meta-nav\">&rarr;<\/span><\/a><\/p>\n","protected":false},"author":2,"featured_media":0,"parent":0,"menu_order":0,"comment_status":"closed","ping_status":"closed","template":"","meta":{"footnotes":""},"class_list":["post-808","page","type-page","status-publish","hentry"],"_links":{"self":[{"href":"https:\/\/anarchismusforschung.org\/index.php?rest_route=\/wp\/v2\/pages\/808","targetHints":{"allow":["GET"]}}],"collection":[{"href":"https:\/\/anarchismusforschung.org\/index.php?rest_route=\/wp\/v2\/pages"}],"about":[{"href":"https:\/\/anarchismusforschung.org\/index.php?rest_route=\/wp\/v2\/types\/page"}],"author":[{"embeddable":true,"href":"https:\/\/anarchismusforschung.org\/index.php?rest_route=\/wp\/v2\/users\/2"}],"replies":[{"embeddable":true,"href":"https:\/\/anarchismusforschung.org\/index.php?rest_route=%2Fwp%2Fv2%2Fcomments&post=808"}],"version-history":[{"count":10,"href":"https:\/\/anarchismusforschung.org\/index.php?rest_route=\/wp\/v2\/pages\/808\/revisions"}],"predecessor-version":[{"id":820,"href":"https:\/\/anarchismusforschung.org\/index.php?rest_route=\/wp\/v2\/pages\/808\/revisions\/820"}],"wp:attachment":[{"href":"https:\/\/anarchismusforschung.org\/index.php?rest_route=%2Fwp%2Fv2%2Fmedia&parent=808"}],"curies":[{"name":"wp","href":"https:\/\/api.w.org\/{rel}","templated":true}]}}