{"id":35,"date":"2017-02-18T18:15:32","date_gmt":"2017-02-18T17:15:32","guid":{"rendered":"https:\/\/anarchismusforschung.org\/?page_id=35"},"modified":"2020-09-10T19:05:32","modified_gmt":"2020-09-10T17:05:32","slug":"publikationen-2","status":"publish","type":"page","link":"https:\/\/anarchismusforschung.org\/?page_id=35","title":{"rendered":"Publikationen"},"content":{"rendered":"<p>Die B\u00fccher und Brosch\u00fcren sind in folgenden Buchhandlungen erh\u00e4ltlich:<\/p>\n<p>-Anarchistische Buchhandlung Wien, Oelweingasse 36\/5, 1150 Wien<br \/>\n-Librer\u00eda Utopia, Preysinggasse 26-28\/1, 1150 Wien<br \/>\n-Buchhandlung im Stuwerviertel, Stuwerstra\u00dfe 42, 1020 Wien<br \/>\n-Buchhandlung Walther K\u00f6nig im MuseumsQuartier, Museumsplatz 1, 1070 Wien<br \/>\n-Cafe Kollektiv Gagarin, Garnisongasse 24, 1090 Wien<\/p>\n<p>Alle Publikationen k\u00f6nnen auch bei \u2013 <a href=\"https:\/\/www.anarchia-versand.net\" target=\"_blank\" rel=\"noopener noreferrer\">https:\/\/www.anarchia-versand.net<\/a> \u2013 bestellt werden.<br \/>\n(empfiehlt sich bei Bestellungen aus \u00d6sterreich)<\/p>\n<p>Und auch \u00fcber den Versand Black Mosquito.<br \/>\n<a href=\"https:\/\/black-mosquito.org\/de\/lesen.html?buch_verlag=6924\" target=\"_blank\" rel=\"noopener noreferrer\">https:\/\/black-mosquito.org\/de\/lesen.html?buch_verlag=6924<\/a><br \/>\n(empfiehlt sich bei Bestellungen aus Deutschland)<\/p>\n<p>&nbsp;<\/p>\n<p class=\"western\"><strong>Geplante B\u00fccher:<\/strong><\/p>\n<p class=\"western\">Die anarchosyndikalistischen Schuhmacher in \u00d6sterreich von Peter Haumer<\/p>\n<p class=\"western\"><strong>Bereits erschienen:<\/strong><\/p>\n<p class=\"western\"><a href=\"https:\/\/anarchismusforschung.org\/wp-content\/uploads\/2020\/06\/olgar-brigitte-brosch\u00fcre-.pdf\" target=\"_blank\" rel=\"noopener noreferrer\">#5 <span style=\"font-size: medium;\">\u00bb<\/span>Neuen Liebesidealen entgegen<\/a><span style=\"font-size: medium;\">\u00ab (1919)<\/span> von Olga Misa\u0159. Eingeleitet von Brigitte Rath, 2017<\/p>\n<p class=\"western\"><a href=\"https:\/\/anarchismusforschung.org\/wp-content\/uploads\/2017\/08\/wer-pessimistisch-reinhard.pdf\" target=\"_blank\" rel=\"noopener noreferrer\">#4 <\/a><span style=\"font-size: medium;\">\u00bbWer pessimistisch in die Zukunft blickt, offenbart seinen schwachen Willen\u00ab Anarchistischer Kampf w\u00e4hrend des Austrofaschismus. Graz 1937 <\/span><sup><span style=\"font-size: medium;\"><a class=\"sdfootnoteanc\" href=\"#sdfootnote1sym\" name=\"sdfootnote1anc\"><\/a><\/span><\/sup><span style=\"font-size: medium;\">von Reinhard M\u00fcller, 2016<br \/>\n<\/span><\/p>\n<p><a href=\"https:\/\/anarchismusforschung.org\/wp-content\/uploads\/2017\/02\/3.-buchdruckerstreikbuch.onlineversion.pdf\" target=\"_blank\" rel=\"noopener noreferrer\">#3 Der Anarchosyndikalismus und der Buchdruckerstreik 1913\/14 in \u00d6sterreich, PDF<\/a><br \/>\nvon Peter Haumer, 2016<\/p>\n<p>#2.1. &#8222;Bitte schicken Sie uns einige Maschinengewehre und Zigaretten.&#8220;<br \/>\n\u00dcberarbeitete und erweiterte Fassung, von Peter Haumer, 2017<\/p>\n<p><a href=\"https:\/\/anarchismusforschung.org\/wp-content\/uploads\/2017\/02\/2.-Rothziegel-brosch\u00fcre-onlineversion.pdf\" target=\"_blank\" rel=\"noopener noreferrer\">#2 &#8222;Bitte schicken Sie uns einige Maschinengewehre und Zigaretten.\u201c PDF<\/a><br \/>\nLeo Rothziegel (5.12.1892 \u2013 22.4.1919) J\u00fcdischer Proletarier und Revolution\u00e4r<br \/>\nvon Peter Haumer, 2015<\/p>\n<p><a href=\"https:\/\/anarchismusforschung.org\/wp-content\/uploads\/2017\/02\/1.-Saueracker-Brosch\u00fcre-Fertig.onlineversion.pdf\" target=\"_blank\" rel=\"noopener noreferrer\">#1 Ein Edelanarchist aus Eden, PDF<\/a><br \/>\n\u00dcber den Anarchisten und Antimilitaristen Alfred Saueracker\/ Alfred W. Parker<br \/>\nvon Andreas Gautsch, 2015, \u00fcberarbeitete Auflage 2016<\/p>\n","protected":false},"excerpt":{"rendered":"<p>Die B\u00fccher und Brosch\u00fcren sind in folgenden Buchhandlungen erh\u00e4ltlich: -Anarchistische Buchhandlung Wien, Oelweingasse 36\/5, 1150 Wien -Librer\u00eda Utopia, Preysinggasse 26-28\/1, 1150 Wien -Buchhandlung im Stuwerviertel, Stuwerstra\u00dfe 42, 1020 Wien -Buchhandlung Walther K\u00f6nig im MuseumsQuartier, Museumsplatz 1, 1070 Wien -Cafe Kollektiv &hellip; <a href=\"https:\/\/anarchismusforschung.org\/?page_id=35\">Weiterlesen <span class=\"meta-nav\">&rarr;<\/span><\/a><\/p>\n","protected":false},"author":2,"featured_media":0,"parent":0,"menu_order":0,"comment_status":"closed","ping_status":"closed","template":"","meta":{"footnotes":""},"class_list":["post-35","page","type-page","status-publish","hentry"],"_links":{"self":[{"href":"https:\/\/anarchismusforschung.org\/index.php?rest_route=\/wp\/v2\/pages\/35","targetHints":{"allow":["GET"]}}],"collection":[{"href":"https:\/\/anarchismusforschung.org\/index.php?rest_route=\/wp\/v2\/pages"}],"about":[{"href":"https:\/\/anarchismusforschung.org\/index.php?rest_route=\/wp\/v2\/types\/page"}],"author":[{"embeddable":true,"href":"https:\/\/anarchismusforschung.org\/index.php?rest_route=\/wp\/v2\/users\/2"}],"replies":[{"embeddable":true,"href":"https:\/\/anarchismusforschung.org\/index.php?rest_route=%2Fwp%2Fv2%2Fcomments&post=35"}],"version-history":[{"count":22,"href":"https:\/\/anarchismusforschung.org\/index.php?rest_route=\/wp\/v2\/pages\/35\/revisions"}],"predecessor-version":[{"id":633,"href":"https:\/\/anarchismusforschung.org\/index.php?rest_route=\/wp\/v2\/pages\/35\/revisions\/633"}],"wp:attachment":[{"href":"https:\/\/anarchismusforschung.org\/index.php?rest_route=%2Fwp%2Fv2%2Fmedia&parent=35"}],"curies":[{"name":"wp","href":"https:\/\/api.w.org\/{rel}","templated":true}]}}